me factors of (-5)/((-10)/(-8)) - (-20 - 265)?
281
Suppose -36 + 20 = -4*l. Suppose 6*g + l = 8*g. Suppose -4*o + 132 = -g*o. List the prime factors of o.
2, 3, 11
Let y be (-54)/(-4)*(-86)/(-3) + -1. Suppose 3*c + q - 485 + 93 = 0, -2*q - y = -3*c. Suppose -c = 5*j - 7*j. List the prime factors of j.
5, 13
List the prime factors of 2152668/252 + ((-6)/(-9))/(-2).
2, 4271
Let v be ((-618)/4)/(-3)*(22 + -20). Let o = v + -86. Suppose -5*d = -4*n - o, -4*n = -d - 0*n - 3. What are the prime factors of d?
5
What are the prime factors of ((-9)/3 - (-110)/33)*26283?
8761
Let r = 178 + -52. Suppose -9 = 3*m - r. Suppose 3*o - 139 = -l, -m = 2*l + 2*o - 337. List the prime factors of l.
2, 7, 11
Suppose -15767 = -2*a + 5523. What are the prime factors of a?
5, 2129
Suppose 14 = 3*o - 2*d, 4*d = -15 - 1. Let s(n) = 119*n + 2. Let q be s(o). Suppose 23*r - q = 22*r. What are the prime factors of r?
2, 3, 5
Let k = -780 + 1167. List the prime factors of (-5*(-16)/120)/(2/k).
3, 43
Let g(a) = 12*a**2 - 166*a - 75. List the prime factors of g(-19).
7411
Suppose -5*x - j = 46, -9*j = -4*x - 5*j - 56. What are the prime factors of 16/20 - 792/x?
2, 5
Suppose t - 2*y - 11071 - 531 = 0, t + 5*y = 11658. What are the prime factors of t?
2, 37, 157
Let n be (((-222)/4)/(-3))/(21/10458). Suppose -10*l + 1377 = -n. What are the prime factors of l?
3, 353
Let l be (-9)/54 - (-1)/((-30)/(-6785)). Suppose -229*y = -l*y - 3291. List the prime factors of y.
1097
Let x(u) = -26*u - 154. List the prime factors of x(-71).
2, 3, 47
Let k(r) = -r**2 + 7*r + 6. Let f be k(8). Let n = -2 - f. Let z(j) = 12*j + 191. List the prime factors of z(n).
191
Let y be ((-182)/65)/(-1 + 92/90). Let z = 474 + y. List the prime factors of z.
2, 3, 29
Let l = 216 - 54. Let p = l + -19. What are the prime factors of p?
11, 13
Suppose 1991 = -4*n + 4*u - 1517, 4*n + 3532 = -2*u. Let l = 281 - n. What are the prime factors of l?
2, 7, 83
Let h = 21 + -11. Suppose -h*y + y + 423 = 0. Let w = 97 + y. What are the prime factors of w?
2, 3
Suppose -3*y = -y + 4*d + 20, 2*y - 3*d - 1 = 0. Let i(g) = -4*g**2 + 3*g - 17. Let l be i(3). What are the prime factors of (1133/l)/(1/y)?
103
Suppose 44*j = 57*j + 73*j - 892938. What are the prime factors of j?
3, 3461
Let k = 118 + -114. Suppose l + 552 = k*l. List the prime factors of l.
2, 23
Suppose 71*l = 76*l - 25, 18875 = 3*k + 4*l. What are the prime factors of k?
3, 5, 419
Suppose -232*d - 59616 = 200*d. Suppose -2*k - 2*t = 124, -3*k = t + 237 - 43. Let s = k - d. List the prime factors of s.
2, 3
Let o = 4471 - 4477. Let u(t) = t - 3. Let s be u(-4). List the prime factors of o + (-4 - s) - -58.
5, 11
Let m(w) be the second derivative of w**3 - 13*w**2 - 5*w + 3*w**2 + 0*w + 15*w. List the prime factors of m(13).
2, 29
Let r(a) = -a**3 - 21*a**2 - 94*a + 17. What are the prime factors of r(-22)?
7, 367
Let o(s) = -722*s**3 - s**2 - s - 1. Let n be (-6)/4 - (-27)/54. List the prime factors of o(n).
7, 103
Let d(m) = -m**3 + 9*m**2 - 30*m - 9. Let f be d(4). Let l(h) = h**3 + 48*h**2 - 88*h - 5. What are the prime factors of l(f)?
2, 953
Let m(x) = -1623*x - 75. What are the prime factors of m(-2)?
3, 7, 151
Let z = 26 - 263. Let q = 1083 - z. List the prime factors of q.
2, 3, 5, 11
Let h = -13892 - -102183. List the prime factors of h.
7, 12613
Suppose 762 + 4718 = 5*t. Let o = t + -590. What are the prime factors of o?
2, 11, 23
Let g(t) be the second derivative of 11*t**5/20 + t**4/12 - 2*t**3/3 - 2*t**2 + 23*t. Let v be g(-1). What are the prime factors of (-6)/(-15) + (-66)/v?
7
Let x = 192 - 190. What are the prime factors of x/(-5) - (-5451)/15?
3, 11
Suppose 0 = 3*k - 2*i - 3*i + 114, 3*i = -3*k - 114. Let c = -11 + k. Let f = 83 + c. List the prime factors of f.
2, 17
Suppose s = -q + 5*q - 45218, q = s + 11306. What are the prime factors of q?
2, 3, 157
Let j(l) = -37*l + 39*l + 0*l**2 + l**2. Let c be j(-3). List the prime factors of c/(-6)*(-158)/1.
79
Suppose -378*o - 305334 = -396*o. What are the prime factors of o?
16963
List the prime factors of (-6374703)/(-161) - 20/(-35) - 1.
2, 3, 6599
Let l(t) be the third derivative of t**6/120 - 13*t**5/60 + 19*t**4/24 - 2*t**3 - t**2. Let y = 5612 + -5599. List the prime factors of l(y).
5, 47
Let a = -56378 - -85422. What are the prime factors of a?
2, 53, 137
Let n = 6920 - 3438. List the prime factors of n.
2, 1741
Suppose -2*b + 10280 = -4*p - 0*b, 0 = p - 2*b + 2576. Let o = -1363 - p. What are the prime factors of o?
5, 241
Suppose -3*p - 13*l + 2510 = -15*l, -2*p = -3*l - 1675. Suppose 2*i + 4*n = p, -i + 412 = 13*n - 17*n. What are the prime factors of i?
2, 13
Let r be 3/(-21)*1664 - (-10)/(-35). Let c = 226 - r. List the prime factors of c.
2, 29
Let l be 30/225 - 26/(-30). What are the prime factors of ((-69)/(-15) - l)/(3/70)?
2, 3, 7
Let r = -108 - -110. Suppose -r*y = -1428 - 1384. Suppose -195 = 7*n - y. What are the prime factors of n?
173
Suppose -5 = -r, 5*m - 261 = -r + 329. Suppose -m + 327 = 5*i. List the prime factors of (-1407)/i*(-1 + 2 + -3).
67
Let j(c) = 5*c**3 - 4*c + 15. Let b(p) = -5*p - 107. Let u be b(-22). What are the prime factors of j(u)?
2, 3, 23
Suppose 0 = 9*z - a + 2*a - 63357, 5*z - 35207 = -2*a. List the prime factors of z.
7039
Let v be (-52100)/(-10)*(5 + -4). Suppose 2*y = 5*u + 2333, 5*y - 651 = 3*u + v. What are the prime factors of y?
2, 587
Suppose -3*p = 3*y - 62 - 40, 5*y = 2*p - 40. Let w be ((-3)/(-9))/((-1)/(-12)). Suppose p + 2 = w*l. List the prime factors of l.
2
Let b(c) = -2*c**3 - 13*c**2 - 14*c - 26. Let z be b(-11). Let j = -804 + z. List the prime factors of j.
7, 59
Suppose 0 = -4*i - 82*t + 84*t + 117930, 4*i = -2*t + 117950. List the prime factors of i.
5, 5897
Suppose -4*n + 44 = -4. Let l = n + -12. Suppose 6*a - 67 - 23 = l. What are the prime factors of a?
3, 5
Let o(j) = j**3 - 4*j**2 - 5*j + 2. Let v be o(5). Suppose -v*f = 2*f - 20, 4*f + 10 = -2*n. What are the prime factors of n - -11 - 54/(-2)?
23
What are the prime factors of 21/9 + -2 + (-5)/(135/(-140067))?
2, 1297
Let g = -216 + 213. List the prime factors of ((-1274)/14)/(g - 68/(-24)).
2, 3, 7, 13
Suppose 4*q + 450 = 430, -4*u - 2*q + 105442 = 0. What are the prime factors of u?
41, 643
Suppose 5*t + 513 - 1836 = 2*w, -3261 = 5*w + 3*t. Let b = 1414 + w. Suppose 18*f + b = 23*f. List the prime factors of f.
2, 19
Suppose -15*i + 841 - 241 = 0. List the prime factors of 4/(i/6670) - 2.
5, 7, 19
Suppose 3*k = -3*z + 16443, -15 + 43 = 4*k. List the prime factors of z.
2, 7, 17, 23
Suppose 163*o - 3295089 = -108*o. What are the prime factors of o?
3, 7, 193
Let p be 0 - 3*130/(-15). List the prime factors of p/(-2)*(-3 + 0).
3, 13
Suppose -76595 + 382367 = 75*n + 91*n. What are the prime factors of n?
2, 3, 307
Let i(a) = 3987*a**2 + 32*a + 35. What are the prime factors of i(-1)?
2, 3, 5, 7, 19
Let d(l) be the first derivative of 3*l**2 - 39*l + 1. Let k be 500/26 + 219/(-949). List the prime factors of d(k).
3, 5
Let o = 30521 - 5751. What are the prime factors of o?
2, 5, 2477
Let x = 50849 - 30677. List the prime factors of x.
2, 3, 41
List the prime factors of (-20)/60*487965/(-5).
32531
What are the prime factors of 22805 + (10 - 13 - 9)?
23, 991
Suppose 5*p - 229 = -5*z + 1201, 843 = 3*p - 2*z. Suppose 10*q - 1383 = -p. Let u = -102 + q. List the prime factors of u.
2
Let h = 53014 - 28331. List the prime factors of h.
24683
Suppose 2*q + 156189 = 5*l, 2*l - 10929 = -q + 51534. List the prime factors of l.
5, 6247
Suppose 0 = -3*t + 9*a - 7*a - 6, 4*t + 3*a - 9 = 0. Let p(h) = -h + 13. Let u be p(7). Suppose u*y - 1310 + 248 = t. List the prime factors of y.
3, 59
Suppose -126 = -7*m - 0. Suppose 1183 = -5*u + m*u. List the prime factors of u.
7, 13
Suppose 345 = l - 4331. Suppose -3*n = 25*n - l. What are the prime factors of n?
167
Suppose k - 5 - 4 = 0. Suppose k*z - 2*z + 49 = 0. What are the prime factors of z*-2*(-2)/(-4)?
7
Let b = 84 - 96. Let x(z) = 2*z + 128. What are the prime factors of x(b)?
2, 13
Let f(n) = 34*n**2 + 5*n + 29. List the prime factors of f(-13).
2, 5, 571
Let r = -92 - -104. What are the prime factors of ((-3)/(-6))/(r/11856)?
2, 13, 19
Let b be 1*(-6)/(-12)*8. Suppose 0 = -4*a - a + 1860. Suppose -b*k = -k - a. List the 